{"id":50,"date":"2022-12-29T16:13:45","date_gmt":"2022-12-29T15:13:45","guid":{"rendered":"https:\/\/lucio.fabersoft.net\/?page_id=50"},"modified":"2022-12-30T15:25:03","modified_gmt":"2022-12-30T14:25:03","slug":"medicina-generale","status":"publish","type":"page","link":"https:\/\/lucio.fabersoft.net\/?page_id=50","title":{"rendered":"Check-up Clinici"},"content":{"rendered":"\n<p><strong>Segli la prevenzione<\/strong><br>Il controllo periodico dello stato di salute del proprio animale \u00e8 il modo pi\u00f9 efficace di salvaguardare benessere e qualit\u00e0 di vita. Per questo abbiamo elaborato un\u2019ampia gamma di Check-Up che permette controlli di base e controlli specifici diversificati secondo le razze, patologie pregresse o familiarit\u00e0 genetica.<\/p>\n\n\n\n<p>I Check-Up consentono un controllo medico approfondito per tenere sotto osservazione particolari parametri e funzioni dell\u2019organismo.<\/p>\n\n\n\n<p>Ci avvaliamo delle competenze multidisciplinari dei medici che operano nelle diverse aree specialistiche della struttura. Questo garantisce qualit\u00e0 delle prestazioni, sicurezza dei trattamenti e continuit\u00e0 di cura, qualora i controlli richiedano eventuali approfondimenti<\/p>\n\n\n\n<p><strong>Perch\u00e9 scegliere la prevenzione<\/strong><br>\u00c8 la cosa pi\u00f9 importante che puoi fare per il tuo animale! Dai al tuo animale e al veterinario il vantaggio della diagnosi precoce.<\/p>\n\n\n\n<p><strong>Prevenire vuol dire\u2026<\/strong><br>trattamenti pi\u00f9 efficaci<br>minore dolore e disagio per il vostro animale<br>cure meno costose per voi<br>meno pensieri<br><br><strong>Come funziona<\/strong><br>I nostri Check-up sono studiati per offrire risposte mirate alle differenti esigenze di prevenzione. Il Check-up base \u00e8 indicato per chi desidera avere una conoscenza dello stato di salute del proprio animale nel suo complesso. I Check-up specialistici comprendono visite ed esami mirati al fine di monitorare alcuni parametri, soggetti a maggior rischio, per familiarit\u00e0, tipologia di razza o predisposizione genetica.<\/p>\n","protected":false},"excerpt":{"rendered":"<p>Segli la prevenzioneIl controllo periodico dello stato di salute del proprio animale \u00e8 il modo pi\u00f9 efficace di salvaguardare benessere e qualit\u00e0 di vita. Per questo abbiamo elaborato un\u2019ampia gamma &hellip; <\/p>\n","protected":false},"author":1,"featured_media":142,"parent":0,"menu_order":0,"comment_status":"closed","ping_status":"closed","template":"","meta":{"footnotes":""},"class_list":["post-50","page","type-page","status-publish","has-post-thumbnail","hentry"],"_links":{"self":[{"href":"https:\/\/lucio.fabersoft.net\/index.php?rest_route=\/wp\/v2\/pages\/50","targetHints":{"allow":["GET"]}}],"collection":[{"href":"https:\/\/lucio.fabersoft.net\/index.php?rest_route=\/wp\/v2\/pages"}],"about":[{"href":"https:\/\/lucio.fabersoft.net\/index.php?rest_route=\/wp\/v2\/types\/page"}],"author":[{"embeddable":true,"href":"https:\/\/lucio.fabersoft.net\/index.php?rest_route=\/wp\/v2\/users\/1"}],"replies":[{"embeddable":true,"href":"https:\/\/lucio.fabersoft.net\/index.php?rest_route=%2Fwp%2Fv2%2Fcomments&post=50"}],"version-history":[{"count":3,"href":"https:\/\/lucio.fabersoft.net\/index.php?rest_route=\/wp\/v2\/pages\/50\/revisions"}],"predecessor-version":[{"id":178,"href":"https:\/\/lucio.fabersoft.net\/index.php?rest_route=\/wp\/v2\/pages\/50\/revisions\/178"}],"wp:featuredmedia":[{"embeddable":true,"href":"https:\/\/lucio.fabersoft.net\/index.php?rest_route=\/wp\/v2\/media\/142"}],"wp:attachment":[{"href":"https:\/\/lucio.fabersoft.net\/index.php?rest_route=%2Fwp%2Fv2%2Fmedia&parent=50"}],"curies":[{"name":"wp","href":"https:\/\/api.w.org\/{rel}","templated":true}]}}